{"id":204,"date":"2017-05-19T21:38:29","date_gmt":"2017-05-19T19:38:29","guid":{"rendered":"http:\/\/2017.lv15.de\/?page_id=204"},"modified":"2022-08-01T19:17:26","modified_gmt":"2022-08-01T17:17:26","slug":"info-sparte-mce","status":"publish","type":"page","link":"http:\/\/2017.lv15.de\/?page_id=204","title":{"rendered":"Info Sparte MCE"},"content":{"rendered":"<p style=\"text-align: center;\"><img loading=\"lazy\" class=\"alignnone wp-image-169 size-full\" src=\"http:\/\/2017.lv15.de\/wp-content\/uploads\/2017\/05\/birds.gif\" alt=\"\" width=\"582\" height=\"47\" \/><\/p>\n<h3 style=\"text-align: center;\"><span style=\"font-size: 14pt; color: #0000ff;\">Info Sparte MCE<\/span><\/h3>\n<div class=\"post-header\"><\/div>\n<div id=\"post-body-8778920252697895538\" class=\"post-body entry-content\">\n<p><strong>Hier sind einige Informationen von Spartenleiter Gerfried Wei\u00df:<\/strong><\/p>\n<p><a href=\"https:\/\/drive.google.com\/open?id=0B3CJ32fRuOyBaFdaMFB1WWRmVFk\" target=\"_blank\" rel=\"nofollow noopener noreferrer\">klick hier<\/a> &#8211; Ausstellungsordnung MCE im DKB<br \/>\n<a href=\"https:\/\/drive.google.com\/open?id=0B3CJ32fRuOyBZE9scmxyZFJGWGs\" target=\"_blank\" rel=\"nofollow noopener noreferrer\">klick hier<\/a> &#8211; Schauklassenbereich Mischlinge &amp; Europ\u00e4er<br \/>\n<a href=\"https:\/\/drive.google.com\/open?id=0B3CJ32fRuOyBc2VxZVU2elF0UWs\" target=\"_blank\" rel=\"nofollow noopener noreferrer\">klick hier<\/a> &#8211; Mischlinge Schauklassenbereich<br \/>\n<a href=\"https:\/\/drive.google.com\/file\/d\/0B3CJ32fRuOyBZ0JBSDFFSm4tY3M\/view?usp=sharing\" target=\"_blank\" rel=\"nofollow noopener noreferrer\">klick hier<\/a> &#8211; Cardueliden Schauklassen<br \/>\n<a href=\"https:\/\/drive.google.com\/file\/d\/0B3CJ32fRuOyBaXF4cVZOdHdvcG8\/view?usp=sharing\" target=\"_blank\" rel=\"nofollow noopener noreferrer\">klick hier<\/a> &#8211; Europ\u00e4er Schauklassen<br \/>\n<a href=\"https:\/\/drive.google.com\/file\/d\/0B3CJ32fRuOyBazY1X2NDYkZjcVE\/view?usp=sharing\" target=\"_blank\" rel=\"nofollow noopener noreferrer\">klick hier<\/a> &#8211; Beschl\u00fcsse DKB &#8211; Beschl\u00fcsse der Fachgruppe MCE im DKB (Tagung 2015)<br \/>\n<a href=\"https:\/\/drive.google.com\/file\/d\/0B3CJ32fRuOyBN2FDTG9oX0NHV3c\/view?usp=sharing\" target=\"_blank\" rel=\"nofollow noopener noreferrer\">klick hier<\/a> &#8211; K\u00e4fig &#8211; MCE 1<br \/>\n<a href=\"https:\/\/drive.google.com\/open?id=0B3CJ32fRuOyBZTZhekdJNVAwV28\" target=\"_blank\" rel=\"nofollow noopener noreferrer\">klick hier<\/a> &#8211; K\u00e4fig &#8211; MCE 1 (Muster ausgeschm\u00fcckt)<br \/>\n<a href=\"https:\/\/drive.google.com\/open?id=0B3CJ32fRuOyBWk51dU56R3FqemM\" target=\"_blank\" rel=\"nofollow noopener noreferrer\">klick hier<\/a> &#8211; K\u00e4fig &#8211; MCE 2<br \/>\n<a href=\"https:\/\/drive.google.com\/open?id=0B3CJ32fRuOyBcFd0NDNoU0NwQlU\" target=\"_blank\" rel=\"nofollow noopener noreferrer\">klick hier<\/a> &#8211; K\u00e4fig &#8211; MCE 2 (Muster ausgeschm\u00fcckt)<br \/>\n<a href=\"https:\/\/drive.google.com\/open?id=0B3CJ32fRuOyBazBSb015MnBvb3c\" target=\"_blank\" rel=\"nofollow noopener noreferrer\">klick hier<\/a> &#8211; K\u00e4fig &#8211; Exoten<\/p>\n<p><strong>Hinweise:<\/strong><\/p>\n<ul>\n<li>Bitte laden Sie die Datei auf Ihren Computer.<\/li>\n<li>\u00d6ffnen Sie nun die Datei von der Festplatte Ihres Computers.<\/li>\n<\/ul>\n<\/div>\n","protected":false},"excerpt":{"rendered":"<p>Info Sparte MCE Hier sind einige Informationen von Spartenleiter Gerfried Wei\u00df: klick hier &#8211; Ausstellungsordnung MCE im DKB klick hier &#8211; Schauklassenbereich Mischlinge &amp; Europ\u00e4er klick hier &#8211; Mischlinge Schauklassenbereich klick hier &#8211; Cardueliden Schauklassen klick hier &#8211; Europ\u00e4er Schauklassen klick hier &#8211; Beschl\u00fcsse DKB &#8211; Beschl\u00fcsse der Fachgruppe MCE im DKB (Tagung 2015) klick hier &#8211; K\u00e4fig &#8211; MCE<\/p>\n","protected":false},"author":3,"featured_media":0,"parent":11,"menu_order":5,"comment_status":"closed","ping_status":"closed","template":"","meta":[],"_links":{"self":[{"href":"http:\/\/2017.lv15.de\/index.php?rest_route=\/wp\/v2\/pages\/204"}],"collection":[{"href":"http:\/\/2017.lv15.de\/index.php?rest_route=\/wp\/v2\/pages"}],"about":[{"href":"http:\/\/2017.lv15.de\/index.php?rest_route=\/wp\/v2\/types\/page"}],"author":[{"embeddable":true,"href":"http:\/\/2017.lv15.de\/index.php?rest_route=\/wp\/v2\/users\/3"}],"replies":[{"embeddable":true,"href":"http:\/\/2017.lv15.de\/index.php?rest_route=%2Fwp%2Fv2%2Fcomments&post=204"}],"version-history":[{"count":4,"href":"http:\/\/2017.lv15.de\/index.php?rest_route=\/wp\/v2\/pages\/204\/revisions"}],"predecessor-version":[{"id":678,"href":"http:\/\/2017.lv15.de\/index.php?rest_route=\/wp\/v2\/pages\/204\/revisions\/678"}],"up":[{"embeddable":true,"href":"http:\/\/2017.lv15.de\/index.php?rest_route=\/wp\/v2\/pages\/11"}],"wp:attachment":[{"href":"http:\/\/2017.lv15.de\/index.php?rest_route=%2Fwp%2Fv2%2Fmedia&parent=204"}],"curies":[{"name":"wp","href":"https:\/\/api.w.org\/{rel}","templated":true}]}}