{"id":220,"date":"2017-05-19T22:22:17","date_gmt":"2017-05-19T20:22:17","guid":{"rendered":"http:\/\/2017.lv15.de\/?page_id=220"},"modified":"2026-04-27T12:26:43","modified_gmt":"2026-04-27T10:26:43","slug":"flieden","status":"publish","type":"page","link":"http:\/\/2017.lv15.de\/?page_id=220","title":{"rendered":"Flieden"},"content":{"rendered":"<p style=\"text-align: center;\"><img loading=\"lazy\" class=\"alignnone wp-image-169 size-full\" src=\"http:\/\/2017.lv15.de\/wp-content\/uploads\/2017\/05\/birds.gif\" alt=\"\" width=\"582\" height=\"47\" \/><\/p>\n<p><strong><span style=\"color: #0000ff;\">Vereinsname<\/span>:<\/strong><br \/>\nVogelfreunde Flieden<\/p>\n<p><span style=\"color: #0000ff;\"><strong>Nummer<\/strong><\/span><br \/>\n04<\/p>\n<p><strong><span style=\"color: #0000ff;\">Vereinslokal<\/span>:<\/strong><br \/>\nLandhotel Imhof<br \/>\nHauswurzerstr.4\u00a0\u00a0\u00a0\u00a0\u00a0\u00a0\u00a0\u00a0\u00a0\u00a0\u00a0\u00a0\u00a0\u00a0\u00a0\u00a0\u00a0\u00a0\u00a0\u00a0\u00a0\u00a0\u00a0\u00a0\u00a0\u00a0\u00a0\u00a0\u00a0\u00a0\u00a0\u00a0\u00a0\u00a0\u00a0\u00a0\u00a0\u00a0\u00a0\u00a0\u00a0\u00a0\u00a0\u00a0\u00a0\u00a0\u00a0\u00a0\u00a0\u00a0\u00a0\u00a0\u00a0\u00a0\u00a0\u00a0\u00a0\u00a0\u00a0\u00a0\u00a0\u00a0\u00a0\u00a0\u00a0\u00a0\u00a0\u00a0\u00a0\u00a0\u00a0\u00a0\u00a0\u00a0\u00a0\u00a0\u00a0\u00a0\u00a0\u00a0\u00a0\u00a0\u00a0\u00a0\u00a0\u00a0\u00a0\u00a0\u00a0\u00a0\u00a0\u00a0\u00a0\u00a0\u00a0\u00a0\u00a0\u00a0\u00a0\u00a0\u00a0 36119 Neuhof\u00a0\u00a0\u00a0\u00a0\u00a0\u00a0\u00a0\u00a0\u00a0\u00a0\u00a0\u00a0\u00a0\u00a0\u00a0\u00a0\u00a0\u00a0\u00a0\u00a0\u00a0\u00a0\u00a0\u00a0\u00a0\u00a0\u00a0\u00a0\u00a0\u00a0\u00a0\u00a0\u00a0\u00a0\u00a0\u00a0\u00a0\u00a0\u00a0\u00a0\u00a0\u00a0\u00a0\u00a0\u00a0\u00a0\u00a0\u00a0\u00a0\u00a0\u00a0\u00a0\u00a0\u00a0\u00a0\u00a0\u00a0\u00a0\u00a0\u00a0\u00a0\u00a0\u00a0\u00a0\u00a0\u00a0\u00a0\u00a0\u00a0\u00a0\u00a0\u00a0\u00a0\u00a0\u00a0\u00a0\u00a0\u00a0\u00a0\u00a0\u00a0\u00a0\u00a0\u00a0\u00a0\u00a0\u00a0\u00a0\u00a0\u00a0\u00a0\u00a0\u00a0\u00a0\u00a0\u00a0\u00a0 Tel.06655-96010<\/p>\n<p><strong><span style=\"color: #0000ff;\">Ansprechpartner<\/span> :\u00a0<\/strong><\/p>\n<p><strong>Thomas Zimmermann<br \/>\n<\/strong>Email: zimtho[at]unitybox.de<\/p>\n<p><strong>Ren\u00e8 Kl\u00fcber<\/strong><br \/>\nPilgerzellerstr.6<br \/>\n36093 K\u00fcnzell-Engelhelms<br \/>\nTel.<br \/>\nE-Mail:<\/p>\n<p><strong><span style=\"color: #0000ff;\">Versammlung<\/span>:<\/strong><br \/>\nJeden 1 Freitag im Monat<\/p>\n<p><strong><span style=\"color: #0000ff;\">Zuchtrichtungen<\/span>:<\/strong><\/p>\n<ul>\n<li>Farben- und Positur Kanarien<\/li>\n<li>Mischlinge<\/li>\n<li>Cardeuliden<\/li>\n<li>Gro\u00dfsittiche<\/li>\n<li>Wellensittiche<\/li>\n<li>Exoten<\/li>\n<li>Europ\u00e4er<\/li>\n<\/ul>\n<p><strong><span style=\"color: #0000ff;\">Vogelschutz<\/span>:<\/strong><br \/>\nNein<\/p>\n<p><strong><span style=\"color: #0000ff;\">Webseite <\/span>:<\/strong><br \/>\nNein<\/p>\n","protected":false},"excerpt":{"rendered":"<p>Vereinsname: Vogelfreunde Flieden Nummer 04 Vereinslokal: Landhotel Imhof Hauswurzerstr.4\u00a0\u00a0\u00a0\u00a0\u00a0\u00a0\u00a0\u00a0\u00a0\u00a0\u00a0\u00a0\u00a0\u00a0\u00a0\u00a0\u00a0\u00a0\u00a0\u00a0\u00a0\u00a0\u00a0\u00a0\u00a0\u00a0\u00a0\u00a0\u00a0\u00a0\u00a0\u00a0\u00a0\u00a0\u00a0\u00a0\u00a0\u00a0\u00a0\u00a0\u00a0\u00a0\u00a0\u00a0\u00a0\u00a0\u00a0\u00a0\u00a0\u00a0\u00a0\u00a0\u00a0\u00a0\u00a0\u00a0\u00a0\u00a0\u00a0\u00a0\u00a0\u00a0\u00a0\u00a0\u00a0\u00a0\u00a0\u00a0\u00a0\u00a0\u00a0\u00a0\u00a0\u00a0\u00a0\u00a0\u00a0\u00a0\u00a0\u00a0\u00a0\u00a0\u00a0\u00a0\u00a0\u00a0\u00a0\u00a0\u00a0\u00a0\u00a0\u00a0\u00a0\u00a0\u00a0\u00a0\u00a0\u00a0\u00a0\u00a0\u00a0 36119 Neuhof\u00a0\u00a0\u00a0\u00a0\u00a0\u00a0\u00a0\u00a0\u00a0\u00a0\u00a0\u00a0\u00a0\u00a0\u00a0\u00a0\u00a0\u00a0\u00a0\u00a0\u00a0\u00a0\u00a0\u00a0\u00a0\u00a0\u00a0\u00a0\u00a0\u00a0\u00a0\u00a0\u00a0\u00a0\u00a0\u00a0\u00a0\u00a0\u00a0\u00a0\u00a0\u00a0\u00a0\u00a0\u00a0\u00a0\u00a0\u00a0\u00a0\u00a0\u00a0\u00a0\u00a0\u00a0\u00a0\u00a0\u00a0\u00a0\u00a0\u00a0\u00a0\u00a0\u00a0\u00a0\u00a0\u00a0\u00a0\u00a0\u00a0\u00a0\u00a0\u00a0\u00a0\u00a0\u00a0\u00a0\u00a0\u00a0\u00a0\u00a0\u00a0\u00a0\u00a0\u00a0\u00a0\u00a0\u00a0\u00a0\u00a0\u00a0\u00a0\u00a0\u00a0\u00a0\u00a0\u00a0\u00a0 Tel.06655-96010 Ansprechpartner :\u00a0 Thomas Zimmermann Email: zimtho[at]unitybox.de Ren\u00e8 Kl\u00fcber Pilgerzellerstr.6 36093 K\u00fcnzell-Engelhelms Tel. E-Mail: Versammlung: Jeden 1 Freitag im Monat Zuchtrichtungen: Farben- und Positur Kanarien Mischlinge Cardeuliden Gro\u00dfsittiche Wellensittiche Exoten Europ\u00e4er Vogelschutz: Nein Webseite : Nein<\/p>\n","protected":false},"author":3,"featured_media":0,"parent":129,"menu_order":3,"comment_status":"closed","ping_status":"closed","template":"","meta":[],"_links":{"self":[{"href":"http:\/\/2017.lv15.de\/index.php?rest_route=\/wp\/v2\/pages\/220"}],"collection":[{"href":"http:\/\/2017.lv15.de\/index.php?rest_route=\/wp\/v2\/pages"}],"about":[{"href":"http:\/\/2017.lv15.de\/index.php?rest_route=\/wp\/v2\/types\/page"}],"author":[{"embeddable":true,"href":"http:\/\/2017.lv15.de\/index.php?rest_route=\/wp\/v2\/users\/3"}],"replies":[{"embeddable":true,"href":"http:\/\/2017.lv15.de\/index.php?rest_route=%2Fwp%2Fv2%2Fcomments&post=220"}],"version-history":[{"count":7,"href":"http:\/\/2017.lv15.de\/index.php?rest_route=\/wp\/v2\/pages\/220\/revisions"}],"predecessor-version":[{"id":920,"href":"http:\/\/2017.lv15.de\/index.php?rest_route=\/wp\/v2\/pages\/220\/revisions\/920"}],"up":[{"embeddable":true,"href":"http:\/\/2017.lv15.de\/index.php?rest_route=\/wp\/v2\/pages\/129"}],"wp:attachment":[{"href":"http:\/\/2017.lv15.de\/index.php?rest_route=%2Fwp%2Fv2%2Fmedia&parent=220"}],"curies":[{"name":"wp","href":"https:\/\/api.w.org\/{rel}","templated":true}]}}

<p style="text-align: center;"><img loading="lazy" class="alignnone wp-image-169 size-full" src="http://2017.lv15.de/wp-content/uploads/2017/05/birds.gif" alt="" width="582" height="47" /></p>
<p><strong><span style="color: #0000ff;">Vereinsname</span>:</strong><br />
Vogelfreunde Flieden</p>
<p><span style="color: #0000ff;"><strong>Nummer</strong></span><br />
04</p>
<p><strong><span style="color: #0000ff;">Vereinslokal</span>:</strong><br />
Landhotel Imhof<br />
Hauswurzerstr.4                                                                                                      36119 Neuhof                                                                                                  Tel.06655-96010</p>
<p><strong><span style="color: #0000ff;">Ansprechpartner</span> : </strong></p>
<p><strong>Thomas Zimmermann<br />
</strong>Email: zimtho[at]unitybox.de</p>
<p><strong>Renè Klüber</strong><br />
Pilgerzellerstr.6<br />
36093 Künzell-Engelhelms<br />
Tel.<br />
E-Mail:</p>
<p><strong><span style="color: #0000ff;">Versammlung</span>:</strong><br />
Jeden 1 Freitag im Monat</p>
<p><strong><span style="color: #0000ff;">Zuchtrichtungen</span>:</strong></p>
<ul>
<li>Farben- und Positur Kanarien</li>
<li>Mischlinge</li>
<li>Cardeuliden</li>
<li>Großsittiche</li>
<li>Wellensittiche</li>
<li>Exoten</li>
<li>Europäer</li>
</ul>
<p><strong><span style="color: #0000ff;">Vogelschutz</span>:</strong><br />
Nein</p>
<p><strong><span style="color: #0000ff;">Webseite </span>:</strong><br />
Nein</p>

<p>Vereinsname: Vogelfreunde Flieden Nummer 04 Vereinslokal: Landhotel Imhof Hauswurzerstr.4                                                                                                      36119 Neuhof                                                                                                  Tel.06655-96010 Ansprechpartner :  Thomas Zimmermann Email: zimtho[at]unitybox.de Renè Klüber Pilgerzellerstr.6 36093 Künzell-Engelhelms Tel. E-Mail: Versammlung: Jeden 1 Freitag im Monat Zuchtrichtungen: Farben- und Positur Kanarien Mischlinge Cardeuliden Großsittiche Wellensittiche Exoten Europäer Vogelschutz: Nein Webseite : Nein</p>
