{"id":238,"date":"2017-05-19T22:28:47","date_gmt":"2017-05-19T20:28:47","guid":{"rendered":"http:\/\/2017.lv15.de\/?page_id=238"},"modified":"2019-01-31T16:59:48","modified_gmt":"2019-01-31T15:59:48","slug":"bimbach","status":"publish","type":"page","link":"http:\/\/2017.lv15.de\/?page_id=238","title":{"rendered":"Bimbach"},"content":{"rendered":"<p style=\"text-align: center;\"><img loading=\"lazy\" class=\"alignnone wp-image-169 size-full\" src=\"http:\/\/2017.lv15.de\/wp-content\/uploads\/2017\/05\/birds.gif\" alt=\"\" width=\"582\" height=\"47\" \/><\/p>\n<p><strong><span style=\"color: #0000ff;\">Vereinsname<\/span>:<\/strong><br \/>\n<strong>Kanarienzucht- und Vogelschutzverein Bimbach<\/strong><\/p>\n<p><strong><span style=\"color: #0000ff;\">Mitgliedsnummer im Landesverband<\/span>:<\/strong><br \/>\n19<\/p>\n<p><strong><span style=\"color: #0000ff;\">Vereinslokal<\/span>:<\/strong><br \/>\n<strong>Zum L\u00fcdertal<\/strong><br \/>\nFuldaer Str. 13<br \/>\n36137 Gro\u00dfenl\u00fcder &#8211; Bimbach<br \/>\nTel. 06648 \/ 61918<br \/>\nFax. 06648 \/ 62378<br \/>\nWebseite: <a href=\"http:\/\/www.zum-luedertal.de\/\" target=\"_blank\" rel=\"noopener noreferrer\">klick<\/a><\/p>\n<p><strong><span style=\"color: #0000ff;\">Ansprechpartner<\/span>:<\/strong><\/p>\n<p><span style=\"color: #000000;\"><strong>Achim Odenwald<\/strong><br \/>\n1. Vorsitzender<br \/>\nErbigsweg 11<br \/>\n36137 Gro\u00dfenl\u00fcder<br \/>\nTel. 06648-8190<br \/>\nachim.odenwald[at]web.de<br \/>\n<\/span><\/p>\n<p><strong>Hans &#8211; Georg Schlitzer<\/strong><br \/>\n2. Vorsitzender<br \/>\nSudetenstr. 3<br \/>\n36137 Gro\u00dfenl\u00fcder<br \/>\nTel. 0160 \/ 97418149<br \/>\nEmail: hg.schlitzer[at]web.de<\/p>\n<p><strong>Kristina Scholz<br \/>\n<\/strong>1. Schriftf\u00fchrerin<br \/>\nEmail: tinafd[at]web.de<\/p>\n<p><strong><span style=\"color: #0000ff;\">Versammlungstermin<\/span>:<\/strong><br \/>\n1x im Monat<\/p>\n<p><strong><span style=\"color: #0000ff;\">Zuchtrichtungen<\/span>:<\/strong><\/p>\n<ul>\n<li>Farb- und Positurkanarien<\/li>\n<li>Mischlinge<\/li>\n<li>Cardeuliden<\/li>\n<li>Gro\u00dfsittiche<\/li>\n<li>Wellensittiche<\/li>\n<li>Exoten<\/li>\n<li>sonstige V\u00f6gel<\/li>\n<\/ul>\n<p><strong><span style=\"color: #0000ff;\">Vogelschutz<\/span>:<\/strong><br \/>\nja<\/p>\n<p><strong><span style=\"color: #0000ff;\">Webseite<\/span>:<\/strong><br \/>\nnein<\/p>\n<p><strong><span style=\"color: #0000ff;\">Sonstige Informationen<\/span>:<\/strong><br \/>\nkeine<\/p>\n<hr \/>\n<p>Stand: 31.01.2019<\/p>\n","protected":false},"excerpt":{"rendered":"<p>Vereinsname: Kanarienzucht- und Vogelschutzverein Bimbach Mitgliedsnummer im Landesverband: 19 Vereinslokal: Zum L\u00fcdertal Fuldaer Str. 13 36137 Gro\u00dfenl\u00fcder &#8211; Bimbach Tel. 06648 \/ 61918 Fax. 06648 \/ 62378 Webseite: klick Ansprechpartner: Achim Odenwald 1. Vorsitzender Erbigsweg 11 36137 Gro\u00dfenl\u00fcder Tel. 06648-8190 achim.odenwald[at]web.de Hans &#8211; Georg Schlitzer 2. Vorsitzender Sudetenstr. 3 36137 Gro\u00dfenl\u00fcder Tel. 0160 \/ 97418149 Email: hg.schlitzer[at]web.de Kristina Scholz 1.<\/p>\n","protected":false},"author":3,"featured_media":0,"parent":129,"menu_order":12,"comment_status":"closed","ping_status":"closed","template":"","meta":[],"_links":{"self":[{"href":"http:\/\/2017.lv15.de\/index.php?rest_route=\/wp\/v2\/pages\/238"}],"collection":[{"href":"http:\/\/2017.lv15.de\/index.php?rest_route=\/wp\/v2\/pages"}],"about":[{"href":"http:\/\/2017.lv15.de\/index.php?rest_route=\/wp\/v2\/types\/page"}],"author":[{"embeddable":true,"href":"http:\/\/2017.lv15.de\/index.php?rest_route=\/wp\/v2\/users\/3"}],"replies":[{"embeddable":true,"href":"http:\/\/2017.lv15.de\/index.php?rest_route=%2Fwp%2Fv2%2Fcomments&post=238"}],"version-history":[{"count":6,"href":"http:\/\/2017.lv15.de\/index.php?rest_route=\/wp\/v2\/pages\/238\/revisions"}],"predecessor-version":[{"id":468,"href":"http:\/\/2017.lv15.de\/index.php?rest_route=\/wp\/v2\/pages\/238\/revisions\/468"}],"up":[{"embeddable":true,"href":"http:\/\/2017.lv15.de\/index.php?rest_route=\/wp\/v2\/pages\/129"}],"wp:attachment":[{"href":"http:\/\/2017.lv15.de\/index.php?rest_route=%2Fwp%2Fv2%2Fmedia&parent=238"}],"curies":[{"name":"wp","href":"https:\/\/api.w.org\/{rel}","templated":true}]}}