{"id":81,"date":"2017-05-19T16:59:08","date_gmt":"2017-05-19T14:59:08","guid":{"rendered":"http:\/\/2017.lv15.de\/?page_id=81"},"modified":"2023-09-06T13:12:53","modified_gmt":"2023-09-06T11:12:53","slug":"formulare-lv15","status":"publish","type":"page","link":"http:\/\/2017.lv15.de\/?page_id=81","title":{"rendered":"Diverse Formulare wie An-Abmeldungen\/Beitritt EZ Mitglieder\/Ehrungsantr\u00e4ge usw."},"content":{"rendered":"<p style=\"text-align: center;\"><img loading=\"lazy\" class=\"alignnone wp-image-169 size-full\" src=\"http:\/\/2017.lv15.de\/wp-content\/uploads\/2017\/05\/birds.gif\" alt=\"\" width=\"582\" height=\"47\" \/><\/p>\n<p><span style=\"color: #0000ff;\"><strong>Landesverband 15 der Vogelz\u00fcchter von Kurhessen und Waldeck e.V.<\/strong><\/span><\/p>\n<p><span style=\"color: #ff0000;\"><strong>1. Beitritt Einzelmitglied \/ Meldebogen Mitgliedsvereine<\/strong><\/span><\/p>\n<p><strong>Mitgliedermeldebogen (DKB)<\/strong><\/p>\n<p><strong><a href=\"https:\/\/drive.google.com\/file\/d\/0B3CJ32fRuOyBX01BdUFpWnRIM3M\/view?usp=sharing\" target=\"_blank\" rel=\"nofollow noopener noreferrer\">DOWNLOAD<\/a><\/strong><\/p>\n<p>Bemerkungen:<\/p>\n<ul>\n<li>Mit diesem Formular melden MITGLIEDSVEREINE ihre Mitglieder \u00fcber den Landesverband an und ab. Weiterhin wird es benutzt, wenn \u00c4nderungen (z. B. neue Adresse) anliegen. Der sich nicht \u00e4ndernde Mitgliederbestand wird nicht gemeldet.<\/li>\n<li>Bitte das Formular erst auf den eigenen PC downloaden und von dort aus \u00f6ffnen. Dies vermeidet Fehler und Probleme beim Ausf\u00fcllen.<\/li>\n<li>F\u00fcr das Formular ben\u00f6tigt man ein Programm, welches FTP (z. B. Adobe Reader) darstellen kann.<\/li>\n<\/ul>\n<p><strong>Aufnahmeantrag f\u00fcr eine mittelbare Mitgliedschaft im DKB \u00fcber den Landesverband 15 im DKB der Kanarienz\u00fcchter von Kurhessen und Waldeck e.V<\/strong><b>.<\/b><\/p>\n<p><strong><a href=\"https:\/\/drive.google.com\/file\/d\/0B3CJ32fRuOyBZ09pS2tVdGg5SkU\/view?usp=sharing\" target=\"_blank\" rel=\"nofollow noopener noreferrer\">DOWNLOAD<\/a><\/strong><\/p>\n<p>Bemerkungen:<\/p>\n<ul>\n<li>Mit diesem Formular melden Sie sich als Einzelmitglied im Deutschen Kanarien- und Vogelz\u00fcchter Bund e.V. (DKB) \u00fcber den Landesverband 15 im DKB der Kanarienz\u00fcchter von Kurhessen und Waldeck e.V. an.<\/li>\n<li>Um das Formular \u00f6ffnen zu k\u00f6nnen, ben\u00f6tigen Sie ein Programm, welches das Format PDF lesen kann, z. B. den &#8222;Adobe Reader&#8220;.<\/li>\n<li>Bitte speichern Sie das Formular auf Ihrem Rechner, bevor Sie es \u00f6ffnen und ausf\u00fcllen.<\/li>\n<\/ul>\n<p><span style=\"color: #ff0000;\"><strong>2. Formulare Ehrungen<\/strong><\/span><br \/>\n<b>Antrag auf eine Ehrennadel<\/b><\/p>\n<p><strong><a href=\"https:\/\/drive.google.com\/open?id=0B3CJ32fRuOyBMG5RMk9JaUc3T3c\" target=\"_blank\" rel=\"nofollow noopener noreferrer\">DOWNLOAD<\/a><\/strong><\/p>\n<p><strong><span style=\"color: #ff0000;\">3. Artenschutz<\/span><\/strong><\/p>\n<p><strong>Zugangsmeldung gem. \u00a7 7 Bundesartenschutzverordnung v.1.0<\/strong><\/p>\n<p><strong><a href=\"https:\/\/drive.google.com\/file\/d\/0B3CJ32fRuOyBSzNEV1pOY2xOVjA\/view?usp=sharing\" target=\"_blank\" rel=\"nofollow noopener noreferrer\">DOWNLOAD<\/a><\/strong><\/p>\n<p>(Stand 2009)<\/p>\n<p><span style=\"color: #ff0000;\"><strong>4.Internet<\/strong><\/span><\/p>\n<p><strong>Vorstellung Mitgliedsvereine<\/strong><\/p>\n<p><strong><a href=\"https:\/\/drive.google.com\/file\/d\/0B3CJ32fRuOyBMktkNTJqSktZVUE\/view?usp=sharing\" target=\"_blank\" rel=\"nofollow noopener noreferrer\">DOWNLOAD<\/a><\/strong><\/p>\n<p>Bemerkungen:<\/p>\n<ul>\n<li>Unsere Mitgliedsvereine k\u00f6nnen sich auf der Webseite vorstellen. Bitte benutzen Sie dieses Formular hierf\u00fcr (bei Neuerstellung und \/ oder \u00c4nderungen)<\/li>\n<\/ul>\n<p><b>Banner<\/b><\/p>\n<p><strong><a href=\"https:\/\/drive.google.com\/file\/d\/0B3CJ32fRuOyBSDRlRkc5YWVLZGs\/view?usp=sharing\" target=\"_blank\" rel=\"nofollow noopener noreferrer\">DOWNLOAD<\/a><\/strong><\/p>\n<p>Bemerkung:<\/p>\n<ul>\n<li>Bannergr\u00f6\u00dfe 468 x 60 Pixel<\/li>\n<li>Format jpg<\/li>\n<li>Datengr\u00f6\u00dfe: ca. 31 kb<\/li>\n<\/ul>\n","protected":false},"excerpt":{"rendered":"<p>Landesverband 15 der Vogelz\u00fcchter von Kurhessen und Waldeck e.V. 1. Beitritt Einzelmitglied \/ Meldebogen Mitgliedsvereine Mitgliedermeldebogen (DKB) DOWNLOAD Bemerkungen: Mit diesem Formular melden MITGLIEDSVEREINE ihre Mitglieder \u00fcber den Landesverband an und ab. Weiterhin wird es benutzt, wenn \u00c4nderungen (z. B. neue Adresse) anliegen. Der sich nicht \u00e4ndernde Mitgliederbestand wird nicht gemeldet. Bitte das Formular erst auf den eigenen PC downloaden<\/p>\n","protected":false},"author":3,"featured_media":0,"parent":11,"menu_order":1,"comment_status":"closed","ping_status":"closed","template":"","meta":[],"_links":{"self":[{"href":"http:\/\/2017.lv15.de\/index.php?rest_route=\/wp\/v2\/pages\/81"}],"collection":[{"href":"http:\/\/2017.lv15.de\/index.php?rest_route=\/wp\/v2\/pages"}],"about":[{"href":"http:\/\/2017.lv15.de\/index.php?rest_route=\/wp\/v2\/types\/page"}],"author":[{"embeddable":true,"href":"http:\/\/2017.lv15.de\/index.php?rest_route=\/wp\/v2\/users\/3"}],"replies":[{"embeddable":true,"href":"http:\/\/2017.lv15.de\/index.php?rest_route=%2Fwp%2Fv2%2Fcomments&post=81"}],"version-history":[{"count":7,"href":"http:\/\/2017.lv15.de\/index.php?rest_route=\/wp\/v2\/pages\/81\/revisions"}],"predecessor-version":[{"id":726,"href":"http:\/\/2017.lv15.de\/index.php?rest_route=\/wp\/v2\/pages\/81\/revisions\/726"}],"up":[{"embeddable":true,"href":"http:\/\/2017.lv15.de\/index.php?rest_route=\/wp\/v2\/pages\/11"}],"wp:attachment":[{"href":"http:\/\/2017.lv15.de\/index.php?rest_route=%2Fwp%2Fv2%2Fmedia&parent=81"}],"curies":[{"name":"wp","href":"https:\/\/api.w.org\/{rel}","templated":true}]}}