{"id":9,"date":"2017-05-19T14:28:45","date_gmt":"2017-05-19T12:28:45","guid":{"rendered":"http:\/\/2017.lv15.de\/?page_id=9"},"modified":"2017-05-24T19:54:39","modified_gmt":"2017-05-24T17:54:39","slug":"mitglied-werden","status":"publish","type":"page","link":"http:\/\/2017.lv15.de\/?page_id=9","title":{"rendered":"Mitglied werden"},"content":{"rendered":"<p><span style=\"color: #ff0000;\"><strong>M\u00f6glichkeit 1 &#8211; Einzelmitgliedschaft<\/strong><\/span><\/p>\n<p>Wer nicht im Einzugsbereich eines der aufgef\u00fchrten Vereine wohnt oder aus anderen Erw\u00e4gungen keinem Verein angeh\u00f6ren m\u00f6chte, kann auch Einzelmitglied im Landesverband werden. Bitte f\u00fcllen Sie folgendes Formular aus, und senden Sie es uns zu.<\/p>\n<ul>\n<li>zum <a class=\"download-link\" title=\"\" href=\"http:\/\/2017.lv15.de?download=272\" rel=\"nofollow\">\n\tAufnahmeantrag<\/a><\/li>\n<\/ul>\n<p>Die Verwaltung des Vereins der Einzelmitglieder (LV-Nr. 99) obliegt dem Landesverbandsvorstand.<\/p>\n<p><span style=\"color: #ff0000;\"><strong>M\u00f6glichkeit 2 &#8211; Mitgliedschaft in einem Mitgliedsverein<\/strong><\/span><\/p>\n<p>Die unmittelbaren Mitglieder sind die Mitgliedsvereine unseres Landesverbandes.<\/p>\n<p>Sie k\u00f6nnen bei jedem unserer Mitgliedsvereine Mitglied werden. Hierzu wenden sie sich bitte an die entsprechenden Ansprechpartner.<\/p>\n<p>Die Mitgliedschaft in einem Verein ist gerade f\u00fcr Anf\u00e4nger interessant, denn hier finden Sie vieles an Rat und Tat, was mit unserem sch\u00f6nen Vogelhobby zusammenh\u00e4ngt. \u00dcber die Mitgliedschaft in den Vereinen wird man in aller Regel auch mittelbares Mitglied des Landesverbandes und somit des Deutschen-Kanarien- und Vogelz\u00fcchterbundes e.V. (DKB). Die Formalit\u00e4ten werden f\u00fcr Sie \u00fcber den Verein abgewickelt.<\/p>\n<p><span style=\"color: #ff0000;\"><strong>Kinder und Jugendliche<\/strong><\/span><\/p>\n<p>Auch Kinder und Jugendliche sind uns jederzeit willkommen, wenn der\/die Erziehungsberechtigte\/n einverstanden sind !<\/p>\n<p><span style=\"color: #ff0000;\"><strong>R\u00fcckfragen ?<\/strong><\/span><\/p>\n<p>Sollten Sie noch Fragen haben, so k\u00f6nnen Sie sich gern\u00a0 an jedes Vorstandsmitglied des LV 15 wenden.<\/p>\n","protected":false},"excerpt":{"rendered":"<p>M\u00f6glichkeit 1 &#8211; Einzelmitgliedschaft Wer nicht im Einzugsbereich eines der aufgef\u00fchrten Vereine wohnt oder aus anderen Erw\u00e4gungen keinem Verein angeh\u00f6ren m\u00f6chte, kann auch Einzelmitglied im Landesverband werden. Bitte f\u00fcllen Sie folgendes Formular aus, und senden Sie es uns zu. zum Die Verwaltung des Vereins der Einzelmitglieder (LV-Nr. 99) obliegt dem Landesverbandsvorstand. M\u00f6glichkeit 2 &#8211; Mitgliedschaft in einem Mitgliedsverein Die unmittelbaren<\/p>\n","protected":false},"author":3,"featured_media":0,"parent":0,"menu_order":9,"comment_status":"closed","ping_status":"closed","template":"","meta":[],"_links":{"self":[{"href":"http:\/\/2017.lv15.de\/index.php?rest_route=\/wp\/v2\/pages\/9"}],"collection":[{"href":"http:\/\/2017.lv15.de\/index.php?rest_route=\/wp\/v2\/pages"}],"about":[{"href":"http:\/\/2017.lv15.de\/index.php?rest_route=\/wp\/v2\/types\/page"}],"author":[{"embeddable":true,"href":"http:\/\/2017.lv15.de\/index.php?rest_route=\/wp\/v2\/users\/3"}],"replies":[{"embeddable":true,"href":"http:\/\/2017.lv15.de\/index.php?rest_route=%2Fwp%2Fv2%2Fcomments&post=9"}],"version-history":[{"count":6,"href":"http:\/\/2017.lv15.de\/index.php?rest_route=\/wp\/v2\/pages\/9\/revisions"}],"predecessor-version":[{"id":298,"href":"http:\/\/2017.lv15.de\/index.php?rest_route=\/wp\/v2\/pages\/9\/revisions\/298"}],"wp:attachment":[{"href":"http:\/\/2017.lv15.de\/index.php?rest_route=%2Fwp%2Fv2%2Fmedia&parent=9"}],"curies":[{"name":"wp","href":"https:\/\/api.w.org\/{rel}","templated":true}]}}